{"id":182,"date":"2022-02-23T15:51:00","date_gmt":"2022-02-23T14:51:00","guid":{"rendered":"https:\/\/www.stoparizabreh.cz\/?page_id=182"},"modified":"2023-01-18T20:41:28","modified_gmt":"2023-01-18T19:41:28","slug":"archiv-akci","status":"publish","type":"page","link":"https:\/\/www.stoparizabreh.cz\/index.php\/archiv-akci\/","title":{"rendered":"Stalo se ned\u00e1vno"},"content":{"rendered":"\n<p>Archiv novodob\u00fdch akc\u00ed<\/p>\n\n\n\n<p>V roce 2022 prob\u011bhly tyto akce:<\/p>\n\n\n\n<div class=\"wp-block-media-text alignwide has-media-on-the-right has-black-color has-text-color\" style=\"grid-template-columns:auto 15%\"><div class=\"wp-block-media-text__content\">\n<h2 class=\"has-cyan-bluish-gray-color has-text-color\"><mark style=\"background-color:rgba(0, 0, 0, 0)\" class=\"has-inline-color has-black-color\">Mistrovstv\u00ed \u010cR v Lakrosu &#8211; v Hrabov\u00e9<\/mark><\/h2>\n\n\n\n<p><strong>18. &#8211; 19. 6. 2022 se v Hrabov\u00e9<\/strong> uskute\u010dnilo M\u010cR v lakrosu. Celkem 13 t\u00fdm\u016f ve 3 kategori\u00edch zm\u011b\u0159ilo svoje s\u00edly. Podrobnosti si m\u016f\u017eete p\u0159e\u010d\u00edst na <a href=\"https:\/\/lacrossezabreh.cz\/pages\/MCR2022\/MCR2022.php\" data-type=\"URL\" data-id=\"https:\/\/lacrossezabreh.cz\/pages\/MCR2022\/MCR2022.php\" target=\"_blank\" rel=\"noreferrer noopener\">str\u00e1nk\u00e1ch z\u00e1b\u0159e\u017esk\u00e9ho lakrosu.<\/a><\/p>\n<\/div><figure class=\"wp-block-media-text__media\"><img decoding=\"async\" loading=\"lazy\" width=\"78\" height=\"103\" src=\"https:\/\/www.stoparizabreh.cz\/wp-content\/uploads\/2022\/02\/lakroska.jpg\" alt=\"\" class=\"wp-image-180 size-thumbnail\"\/><\/figure><\/div>\n\n\n\n<hr class=\"wp-block-separator has-alpha-channel-opacity\"\/>\n\n\n\n<div class=\"wp-block-media-text alignwide has-media-on-the-right has-black-color has-text-color\" style=\"grid-template-columns:auto 15%\"><div class=\"wp-block-media-text__content\">\n<h2 class=\"has-cyan-bluish-gray-color has-text-color\"><mark style=\"background-color:rgba(0, 0, 0, 0)\" class=\"has-inline-color has-black-color\">O lakrosu ve 100+1<\/mark><\/h2>\n\n\n\n<p>V \u010dasopisu <strong>100+1<\/strong> v \u010d\u00edsle <strong>6\/2022<\/strong> vy\u0161el p\u011bkn\u00fd \u010dl\u00e1nek o lakrosu. \u010cty\u0159i str\u00e1nky popisuj\u00ed historii i modern\u00ed stav tohoto n\u00e1mi obl\u00edben\u00e9ho sportu. Pro znalce sice nic nov\u00e9ho, pro fanou\u0161ky a nov\u00e1\u010dky hezk\u00e9 \u010dten\u00ed.<\/p>\n<\/div><figure class=\"wp-block-media-text__media\"><img decoding=\"async\" loading=\"lazy\" width=\"78\" height=\"103\" src=\"https:\/\/www.stoparizabreh.cz\/wp-content\/uploads\/2022\/02\/lakroska.jpg\" alt=\"\" class=\"wp-image-180 size-thumbnail\"\/><\/figure><\/div>\n\n\n\n<hr class=\"wp-block-separator has-alpha-channel-opacity\"\/>\n\n\n\n<div class=\"wp-block-media-text alignwide has-media-on-the-right has-black-color has-text-color\" style=\"grid-template-columns:auto 21%\"><div class=\"wp-block-media-text__content\">\n<h2 class=\"has-cyan-bluish-gray-color has-text-color\"><mark style=\"background-color:rgba(0, 0, 0, 0);color:#2e9300\" class=\"has-inline-color\">Jarn\u00ed t\u00e1bor\u00e1k 2022<\/mark><\/h2>\n\n\n\n<ul>\n<li><mark style=\"background-color:rgba(0, 0, 0, 0)\" class=\"has-inline-color has-black-color\"><strong>datum: 19.3.2022<\/strong><\/mark><\/li>\n\n\n\n<li><mark style=\"background-color:rgba(0, 0, 0, 0)\" class=\"has-inline-color has-black-color\"><strong>\u010das:<\/strong> 16:00 <\/mark><\/li>\n\n\n\n<li><mark style=\"background-color:rgba(0, 0, 0, 0)\" class=\"has-inline-color has-black-color\"><strong>m\u00edsto: <\/strong>sraz u k\u0159\u00ed\u017eku, ul. U Bo\u0159in (<a rel=\"noreferrer noopener\" href=\"https:\/\/mapy.cz\/zakladni?x=16.8622335&amp;y=49.8886195&amp;z=18&amp;source=base&amp;id=2281692\" data-type=\"URL\" data-id=\"https:\/\/mapy.cz\/zakladni?x=16.8622335&amp;y=49.8886195&amp;z=18&amp;source=base&amp;id=2281692\" target=\"_blank\">49.8885558N, 16.8613011E<\/a>) nebo na m\u00edst\u011b &#8211; U jez\u00edrka<\/mark><\/li>\n\n\n\n<li><mark style=\"background-color:rgba(0, 0, 0, 0)\" class=\"has-inline-color has-black-color\"><strong>typ akce:<\/strong> meziodd\u00edlov\u00e1<\/mark><\/li>\n\n\n\n<li><mark style=\"background-color:rgba(0, 0, 0, 0)\" class=\"has-inline-color has-black-color\"><strong>garant:<\/strong> Bobo &#8211; Jan Hampl (<em>h.hampl@seznam.cz<\/em>)<\/mark><\/li>\n\n\n\n<li><mark style=\"background-color:rgba(0, 0, 0, 0)\" class=\"has-inline-color has-black-color\"><strong>dal\u0161i informace:<\/strong><em> setk\u00e1n\u00ed \u010dlen\u016f a p\u0159\u00e1tel skautsk\u00fdch odd\u00edl\u016f, mo\u017enost si popov\u00eddat, zazp\u00edvat<\/em><\/mark><\/li>\n\n\n\n<li><mark style=\"background-color:rgba(0, 0, 0, 0)\" class=\"has-inline-color has-black-color\"><strong>s sebou: <\/strong>pol\u00ednko na t\u00e1bor\u00e1k, n\u011bco na ope\u010den\u00ed, p\u0159\u00edpadn\u011b hudebn\u00ed n\u00e1stroj <\/mark><\/li>\n\n\n\n<li><mark style=\"background-color:rgba(0, 0, 0, 0)\" class=\"has-inline-color has-black-color\"><strong>stav akce:<\/strong> <\/mark><strong><mark style=\"background-color:rgba(0, 0, 0, 0)\" class=\"has-inline-color has-vivid-green-cyan-color\">PROB\u011aHLA<\/mark><\/strong>, malou zpr\u00e1vi\u010dku najdete <a href=\"https:\/\/www.stoparizabreh.cz\/index.php\/2022\/06\/16\/jarni-taborak-2022\/\" data-type=\"URL\" data-id=\"https:\/\/www.stoparizabreh.cz\/index.php\/2022\/06\/16\/jarni-taborak-2022\/\">zde<\/a><\/li>\n<\/ul>\n<\/div><figure class=\"wp-block-media-text__media\"><img decoding=\"async\" loading=\"lazy\" width=\"300\" height=\"225\" src=\"https:\/\/www.stoparizabreh.cz\/wp-content\/uploads\/2021\/12\/jezirko-1-300x225.jpg\" alt=\"\" class=\"wp-image-85 size-medium\" srcset=\"https:\/\/www.stoparizabreh.cz\/wp-content\/uploads\/2021\/12\/jezirko-1-300x225.jpg 300w, https:\/\/www.stoparizabreh.cz\/wp-content\/uploads\/2021\/12\/jezirko-1-700x525.jpg 700w, https:\/\/www.stoparizabreh.cz\/wp-content\/uploads\/2021\/12\/jezirko-1-768x576.jpg 768w, https:\/\/www.stoparizabreh.cz\/wp-content\/uploads\/2021\/12\/jezirko-1.jpg 1024w\" sizes=\"(max-width: 300px) 100vw, 300px\" \/><\/figure><\/div>\n\n\n\n<hr class=\"wp-block-separator has-alpha-channel-opacity\"\/>\n\n\n\n<div class=\"wp-block-media-text alignwide has-media-on-the-right has-black-color has-text-color\" style=\"grid-template-columns:auto 15%\"><div class=\"wp-block-media-text__content\">\n<h2 class=\"has-cyan-bluish-gray-color has-text-color\"><mark style=\"background-color:rgba(0, 0, 0, 0)\" class=\"has-inline-color has-black-color\">Lakrosov\u00e1 12-ti hodinovka<\/mark><\/h2>\n\n\n\n<ul>\n<li><strong>datum: 5.3.2022<\/strong><\/li>\n\n\n\n<li>\u010das: 7:30 &#8211; 20:30 hod.<\/li>\n\n\n\n<li>m\u00edsto: Z\u00e1kladn\u00ed \u0161kola Z\u00e1b\u0159eh, Bo\u017eeny N\u011bmcov\u00e9<\/li>\n\n\n\n<li>typ akce: sportovn\u00ed<\/li>\n\n\n\n<li>dal\u0161i informace:<em><mark style=\"background-color:#ffffff\" class=\"has-inline-color\"> na str\u00e1nk\u00e1ch FB <a rel=\"noreferrer noopener\" href=\"https:\/\/www.facebook.com\/events\/1029826464236003\/?ref=newsfeed\" data-type=\"URL\" data-id=\"https:\/\/www.facebook.com\/events\/1029826464236003\/?ref=newsfeed\" target=\"_blank\">zde<\/a><\/mark><\/em><\/li>\n\n\n\n<li><mark style=\"background-color:rgba(0, 0, 0, 0)\" class=\"has-inline-color has-black-color\">stav akce: prob\u011bhla \u00fasp\u011b\u0161n\u011b<\/mark>, p\u00e1r v\u011bt k akci najdete <a href=\"https:\/\/www.stoparizabreh.cz\/index.php\/2022\/06\/15\/lakrosova-dvanactihodinovka-2022\/\" data-type=\"URL\" data-id=\"https:\/\/www.stoparizabreh.cz\/index.php\/2022\/06\/15\/lakrosova-dvanactihodinovka-2022\/\">zde<\/a><\/li>\n<\/ul>\n<\/div><figure class=\"wp-block-media-text__media\"><img decoding=\"async\" loading=\"lazy\" width=\"78\" height=\"103\" src=\"https:\/\/www.stoparizabreh.cz\/wp-content\/uploads\/2022\/02\/lakroska.jpg\" alt=\"\" class=\"wp-image-180 size-medium\"\/><\/figure><\/div>\n\n\n\n<hr class=\"wp-block-separator has-css-opacity\"\/>\n\n\n\n<div class=\"wp-block-media-text alignwide has-media-on-the-right has-black-color has-text-color\" style=\"grid-template-columns:auto 21%\"><div class=\"wp-block-media-text__content\">\n<h2 class=\"has-text-color\" style=\"color:#2e9300\"><mark style=\"background-color:rgba(0, 0, 0, 0)\" class=\"has-inline-color has-black-color\">Trlina 2022<\/mark><\/h2>\n\n\n\n<ul>\n<li><mark style=\"background-color:rgba(0, 0, 0, 0)\" class=\"has-inline-color has-black-color\"><strong>datum: 2.1.2022<\/strong><\/mark><\/li>\n\n\n\n<li><mark style=\"background-color:rgba(0, 0, 0, 0)\" class=\"has-inline-color has-black-color\">\u010das: 9:00<\/mark><\/li>\n\n\n\n<li><mark style=\"background-color:rgba(0, 0, 0, 0)\" class=\"has-inline-color has-black-color\">m\u00edsto: sraz u Motelu (<a rel=\"noreferrer noopener\" href=\"https:\/\/mapy.cz\/zakladni?x=16.8884111&amp;y=49.8847789&amp;z=20&amp;base=ophoto&amp;source=coor&amp;id=16.888099965381627%2C49.88481995437596\" data-type=\"URL\" data-id=\"https:\/\/mapy.cz\/zakladni?x=16.8884111&amp;y=49.8847789&amp;z=20&amp;base=ophoto&amp;source=coor&amp;id=16.888099965381627%2C49.88481995437596\" target=\"_blank\">49.8848200N, 16.8881000E<\/a>)<\/mark><\/li>\n\n\n\n<li><mark style=\"background-color:rgba(0, 0, 0, 0)\" class=\"has-inline-color has-black-color\">typ akce: meziodd\u00edlov\u00e1, rodinn\u00e1<\/mark><\/li>\n\n\n\n<li><mark style=\"background-color:rgba(0, 0, 0, 0)\" class=\"has-inline-color has-black-color\">garant: Wa\u010dintonka (<em>Varan, Tom\u00e1\u0161 Winige<\/em>)<\/mark><\/li>\n\n\n\n<li><mark style=\"background-color:rgba(0, 0, 0, 0)\" class=\"has-inline-color has-black-color\">stav akce: prob\u011bhla \u00fasp\u011b\u0161n\u011b, informace <a href=\"https:\/\/www.stoparizabreh.cz\/index.php\/2022\/01\/02\/trlina-2022\/\" data-type=\"URL\" data-id=\"https:\/\/www.stoparizabreh.cz\/index.php\/2022\/01\/02\/trlina-2022\/\">zde<\/a><\/mark><\/li>\n<\/ul>\n\n\n\n<p><\/p>\n<\/div><figure class=\"wp-block-media-text__media\"><img decoding=\"async\" loading=\"lazy\" width=\"212\" height=\"300\" src=\"https:\/\/www.stoparizabreh.cz\/wp-content\/uploads\/2021\/12\/Trlina1998-212x300.jpg\" alt=\"Trlina listina\" class=\"wp-image-66 size-medium\" srcset=\"https:\/\/www.stoparizabreh.cz\/wp-content\/uploads\/2021\/12\/Trlina1998-212x300.jpg 212w, https:\/\/www.stoparizabreh.cz\/wp-content\/uploads\/2021\/12\/Trlina1998-700x990.jpg 700w, https:\/\/www.stoparizabreh.cz\/wp-content\/uploads\/2021\/12\/Trlina1998-768x1086.jpg 768w, https:\/\/www.stoparizabreh.cz\/wp-content\/uploads\/2021\/12\/Trlina1998.jpg 880w\" sizes=\"(max-width: 212px) 100vw, 212px\" \/><\/figure><\/div>\n\n\n\n<hr class=\"wp-block-separator has-css-opacity\"\/>\n\n\n\n<p><\/p>\n","protected":false},"excerpt":{"rendered":"<p>Archiv novodob\u00fdch akc\u00ed V roce 2022 prob\u011bhly tyto akce: Mistrovstv\u00ed \u010cR v Lakrosu &#8211; v Hrabov\u00e9 18. &#8211; 19. 6. 2022 se v Hrabov\u00e9 uskute\u010dnilo M\u010cR v lakrosu. Celkem 13 t\u00fdm\u016f ve 3 kategori\u00edch zm\u011b\u0159ilo svoje s\u00edly. Podrobnosti si m\u016f\u017eete p\u0159e\u010d\u00edst na str\u00e1nk\u00e1ch z\u00e1b\u0159e\u017esk\u00e9ho lakrosu. O lakrosu ve 100+1 V \u010dasopisu 100+1 v \u010d\u00edsle 6\/2022 <a class=\"read-more\" href=\"https:\/\/www.stoparizabreh.cz\/index.php\/archiv-akci\/\">READ MORE<\/a><\/p>\n","protected":false},"author":1,"featured_media":0,"parent":0,"menu_order":0,"comment_status":"closed","ping_status":"closed","template":"","meta":[],"_links":{"self":[{"href":"https:\/\/www.stoparizabreh.cz\/index.php\/wp-json\/wp\/v2\/pages\/182"}],"collection":[{"href":"https:\/\/www.stoparizabreh.cz\/index.php\/wp-json\/wp\/v2\/pages"}],"about":[{"href":"https:\/\/www.stoparizabreh.cz\/index.php\/wp-json\/wp\/v2\/types\/page"}],"author":[{"embeddable":true,"href":"https:\/\/www.stoparizabreh.cz\/index.php\/wp-json\/wp\/v2\/users\/1"}],"replies":[{"embeddable":true,"href":"https:\/\/www.stoparizabreh.cz\/index.php\/wp-json\/wp\/v2\/comments?post=182"}],"version-history":[{"count":13,"href":"https:\/\/www.stoparizabreh.cz\/index.php\/wp-json\/wp\/v2\/pages\/182\/revisions"}],"predecessor-version":[{"id":257,"href":"https:\/\/www.stoparizabreh.cz\/index.php\/wp-json\/wp\/v2\/pages\/182\/revisions\/257"}],"wp:attachment":[{"href":"https:\/\/www.stoparizabreh.cz\/index.php\/wp-json\/wp\/v2\/media?parent=182"}],"curies":[{"name":"wp","href":"https:\/\/api.w.org\/{rel}","templated":true}]}}